1815435?
False
Is 2264276 a multiple of 17?
False
Is 5 a factor of 546645?
True
Is 1219625064 a multiple of 1004?
True
Is 32995708 a multiple of 68?
True
Does 2 divide 312151233?
False
Is 7996517 a multiple of 42?
False
Does 7997 divide 3652773696?
True
Is 8 a factor of 4311677?
False
Does 7 divide 506043173?
False
Is 39548803 a multiple of 21?
False
Does 59 divide 2329535119?
False
Is 355458984 a multiple of 408?
True
Does 10 divide 5202355?
False
Does 62 divide 85614113?
False
Does 30 divide 7013125?
False
Is 3073 a factor of 329499352?
True
Does 2070 divide 717246720?
True
Is 15699112 a multiple of 3?
False
Does 42 divide 118754622?
True
Is 16 a factor of 1400155142?
False
Is 551 a factor of 302351332?
True
Is 39 a factor of 3934167763?
False
Is 3532584 a multiple of 22?
True
Is 1896829 a multiple of 83?
False
Is 525058380 a multiple of 45?
True
Is 8550817 a multiple of 209?
True
Is 30 a factor of 2545560?
True
Is 407032978 a multiple of 46?
True
Does 81 divide 44631972?
True
Is 393202404 a multiple of 259?
True
Does 287 divide 65719627?
False
Is 1601914237 a multiple of 23?
False
Is 16 a factor of 2938865441?
False
Does 185 divide 24283655?
True
Does 9 divide 2706354?
True
Is 119 a factor of 29943256?
True
Does 592 divide 39428112?
False
Does 13 divide 70273268?
True
Is 248 a factor of 80587791?
False
Is 69070127 a multiple of 23?
True
Is 2010343301 a multiple of 25?
False
Does 86 divide 786252734?
False
Is 2285 a factor of 71623325?
True
Does 1688 divide 4044215056?
True
Is 55051128 a multiple of 712?
True
Is 3763 a factor of 69082045?
False
Is 63 a factor of 1202597298?
True
Is 657 a factor of 162588043?
False
Does 48 divide 498444725?
False
Is 459167584 a multiple of 32?
True
Does 149 divide 32693580?
True
Is 14 a factor of 24015054?
True
Is 3839 a factor of 103069472?
True
Does 45 divide 1584675?
True
Does 9 divide 228496581?
True
Is 63492858 a multiple of 22?
True
Is 10 a factor of 52627690?
True
Is 308587429 a multiple of 17?
False
Is 958550385 a multiple of 8?
False
Does 6056 divide 334424432?
True
Is 11 a factor of 42958328?
False
Is 19 a factor of 7731675?
False
Is 9 a factor of 7460400?
False
Is 154586871 a multiple of 1673?
False
Is 19020784 a multiple of 908?
True
Is 4 a factor of 241627566?
False
Does 197 divide 482314312?
True
Does 54 divide 2535082056?
True
Is 43314674 a multiple of 559?
True
Does 20 divide 613589460?
True
Is 610 a factor of 596406087?
False
Does 1528 divide 34404448?
True
Does 1367 divide 865525619?
True
Is 36009500 a multiple of 250?
True
Is 118 a factor of 472165672?
True
Is 905953104 a multiple of 4?
True
Is 20801994 a multiple of 6?
True
Is 288 a factor of 57940102?
False
Does 124 divide 19087177?
False
Is 23 a factor of 977322532?
True
Is 49434285 a multiple of 5?
True
Does 1875 divide 72355608?
False
Does 249 divide 60220401?
True
Is 58942674 a multiple of 2?
True
Does 892 divide 26773877?
False
Does 18 divide 103398948?
True
Does 51 divide 65580779?
False
Is 1711 a factor of 2615845240?
True
Is 152 a factor of 29846229?
False
Does 1289 divide 206987453?
False
Does 1987 divide 601717463?
False
Is 35 a factor of 371935081?
False
Is 181 a factor of 20125528?
False
Does 76 divide 143467328?
True
Is 684 a factor of 281383920?
True
Is 374 a factor of 298349898?
True
Does 16 divide 37980355?
False
Is 1582 a factor of 7951355?
False
Is 506 a factor of 1163802689?
False
Is 269055237 a multiple of 1867?
True
Is 103 a factor of 24061624?
True
Is 278543037 a multiple of 1000?
False
Is 153134146 a multiple of 118?
True
Is 21 a factor of 512650866?
True
Does 8463 divide 370269406?
False
Is 37596133 a multiple of 71?
True
Is 64585222 a multiple of 26?
True
Is 7 a factor of 3332263?
False
Is 16 a factor of 11817653?
False
Is 824372023 a multiple of 2287?
False
Does 350 divide 216590500?
True
Is 16616034 a multiple of 1227?
True
Is 66005566 a multiple of 638?
True
Is 10 a factor of 86953090?
True
Is 10 a factor of 653860?
True
Does 413 divide 7282016?
True
Is 322617573 a multiple of 81?
True
Does 121 divide 52077432?
True
Does 268 divide 2460040339?
False
Is 13628863 a multiple of 33?
False
Is 1372510260 a multiple of 2255?
True
Is 110825997 a multiple of 6?
False
Is 2030998 a multiple of 62?
False
Is 214862547 a multiple of 10?
False
Is 20 a factor of 4103840?
True
Is 2914 a factor of 206858794?
False
Is 521 a factor of 169962421?
False
Is 2186 a factor of 7217996211?
False
Does 43 divide 13866557?
False
Is 407039970 a multiple of 438?
True
Does 615 divide 32700780?
True
Does 362 divide 145958826?
False
Is 87 a factor of 107098653?
True
Is 309 a factor of 1321167507?
True
Does 2017 divide 287162307?
True
Does 7692 divide 1224736280?
False
Does 395 divide 339225605?
True
Is 30 a factor of 1957331430?
True
Is 74952791 a multiple of 23?
True
Is 450 a factor of 19828800?
True
Is 8714880 a multiple of 1780?
True
Does 368 divide 219971401?
False
Is 12 a factor of 38410765?
False
Does 25 divide 37018150?
True
Is 2353208332 a multiple of 17?
False
Does 25 divide 240330150?
True
Is 689113305 a multiple of 537?
True
Is 86184915 a multiple of 18?
False
Is 186 a factor of 12044988?
True
Is 382 a factor of 768721550?
False
Does 295 divide 33721419?
False
Is 621304904 a multiple of 20?
False
Is 66 a factor of 12033204?
False
Is 153 a factor of 35643492?
True
Is 210718714 a multiple of 89?
True
Is 10 a factor of 1479128380?
True
Is 9 a factor of 24837468?
False
Is 892799098 a multiple of 1746?
False
Is 1742396578 a multiple of 331?
True
Does 109 divide 165312568?
False
Does 3106 divide 182586210?
True
Is 54 a factor of 1369121?
False
Is 176 a factor of 165224558?
False
Does 38 divide 762512674?
True
Does 440 divide 1110723753?
False
Does 79 divide 4060126?
True
Does 3 divide 28448392?
False
Is 3383210886 a multiple of 191?
True
Is 419 a factor of 73896189?
False
Is 892 a factor of 379429148?
True
Is 54371845 a multiple of 11?
True
Is 60 a factor of 1865388?
False
Is 72766824 a multiple of 8?
True
Does 2 divide 165428121?
False
Is 99 a factor of 256465242?
True
Is 374 a factor of 1538831158?
False
Is 1293 a factor of 91023202?
False
Does 42 divide 299482?
False
Does 10 divide 659498071?
False
Is 376539174 a multiple of 33?
True
Does 27 divide 250405578?
False
Is 18 a factor of 32006146?
False
Does 67 divide 57637992?
False
Is 9 a factor of 2081848399?
False
Is 1716 a factor of 358513824?
False
Is 972298529 a multiple of 12?
False
Does 9 divide 64172046?
False
Is 21 a factor of 1620444?
True
Is 8910 a factor of 6878920950?
True
Does 1079 divide 29654157?
True
Is 1498726337 a multiple of 13?
False
Is 64 a factor of 3427614080?
True
Is 10402376 a multiple of 44?
False
Does 22 divide 41156393?
False
Is 17 a factor of 7072765?
True
Does 1112 divide 933584048?
True
Does 189 divide 59430861?
True
Does 447 divide 183397998?
False
Does 335 divide 79408400?
True
Is 180 a factor of 2966219280?
True
Is 4865355 a multiple of 99?
True
Does 303 divide 335001951?
True
Is 12462010 a multiple of 55?
True
Does 32 divide 4534299?
False
Does 545 divide 365780565?
True
Is 3592151144 a multiple of 11?
False
Does 90 divide 696933233?
False
Is 6 a factor of 37600866?
True
Is 1400538865 a multiple of 485?
True
Does 205 divide 30557710?
True
Does 369 divide 227515437?
True
Does 11 divide 489756660?
False
Does 775 divide 5172051046?
False
Is 1960 a factor of 2166598191?
False
Is 2132638016 a multiple of 8?
True
Is 239 a factor of 211644060?
True
Is 2652479166 a multiple of 542?
True
Is 375 a factor of 70144125?
True
Is 13 a factor of 1140625226?
True
Is 121997868 a multiple of 41?
False
Is 3989810 a multiple of 55?
True
Does 42 divide 19487833?
False
Is 28 a factor of 122721651?
False
Is 12 a factor of 35339743?
False
Is 58288593 a multiple of 67?
True
Does 2725 divide 102397325?
True
Is 30 a factor of 197134770?
True
Is 48698197 a multiple of 2752?
False
Does 9 divide 17818204?
False
Is 426766392 a multiple of 150?
False
Is 5 a factor of 1126535?
True
Is 10931578 a multiple of 2?
True
Is 55 a factor of 1554767830?
True
Is 256 a factor of 23855616?
True
Is 14 a factor of 534304673?
False
Does 6091 divide 1075335595?
True
Is 40402185 a multiple of 59?
False
Does 132 divide 9973903?
False
Is 168553853 a multiple of 1642?
False
Does 2812 divide 67499462?
Fa